- 19 = -5*y + 2*m. Let r be 7/(-4)*(3 + -15). What is the highest common divisor of r and y?
3
Suppose -d + 52 = 3*b + 4, 2*d = -6. Suppose b = t + 5. Let r = -141 - -249. Calculate the highest common divisor of r and t.
12
Let k = 6 - -16. What is the greatest common divisor of 220 and k?
22
Let h be 3/(3*2/344). Suppose -2*x + h = -154. Suppose -5*j + x = -137. What is the greatest common divisor of 12 and j?
12
Let i be 0 + (-1)/(3/(-36)). Suppose 0 = -2*b + 15 + 9. Let y be (-107)/(-3) - (-4)/b. What is the greatest common factor of y and i?
12
Let s(y) = 53*y. Let k be s(6). Let r be -4 - (k/2)/(-3). What is the highest common factor of 7 and r?
7
Let o be 1435/30 - 3/(-18). What is the highest common divisor of o and 6?
6
Let t(q) = -36*q - 3. Let w be t(-1). Calculate the greatest common divisor of 22 and w.
11
Let z be 14/(-63) + (-796)/(-18). What is the highest common factor of 11 and z?
11
Suppose 14 = 2*a + 4. Let t(w) = -w**3 + 4*w**2 + 7*w - 2. Let n be t(a). Calculate the greatest common divisor of 4 and n.
4
Let m be 477/45 + 4/10. Calculate the greatest common divisor of m and 99.
11
Let g be ((-1)/2)/(6/12). Let b be 21 + g + 0/2. What is the greatest common factor of b and 4?
4
Suppose -b + 2*l = -0*b - 31, 3*b = 2*l + 81. Calculate the highest common factor of b and 100.
25
Let j(f) = -29*f - 20. Let l be j(-2). What is the greatest common factor of 19 and l?
19
Suppose -2*l + s - 22 = -s, 4*s = -2*l - 10. Let d be 6/27 + (-673)/l. Let g be 5/(5/(-2))*-15. What is the highest common divisor of g and d?
15
Let l(c) be the first derivative of -c**4/4 + 5*c**3/3 - 2*c**2 + 5*c + 1. Let a be l(4). Calculate the greatest common factor of 5 and a.
5
Let v(t) = 10*t**2 + t - 2. Let w be v(-2). Calculate the greatest common factor of w and 18.
18
Suppose -j = -14 + 2. Calculate the greatest common factor of j and 84.
12
Let n = 10 + -2. What is the highest common factor of n and 64?
8
Let b be ((-10)/6)/((-3)/99). Suppose 0*x - b = -5*x. Calculate the highest common factor of 22 and x.
11
Let y(p) = -p**3 - 13*p**2 + 21*p - 7. Let l be y(-15). What is the greatest common factor of l and 8?
8
Let y be (-10)/4*64/200*-75. What is the greatest common factor of 24 and y?
12
Let m(a) be the second derivative of -a**4/12 + 5*a**3/3 - a**2 + 5*a. Let o be m(6). Calculate the highest common divisor of 11 and o.
11
Let z = 105 - 96. Calculate the greatest common factor of 27 and z.
9
Let m(k) = 2*k**3 - 6*k**2 + 2. Let b be m(4). Let x be (-166)/(-3 + 1) + 2. Calculate the greatest common divisor of b and x.
17
Suppose -3*c = h - 2, -6 = -5*h + 2*h + 2*c. Let a be h/(-3)*(-57 + 0). Suppose 6 + a = i. Calculate the highest common divisor of 11 and i.
11
Suppose -w + 3*q + 51 = 0, w = 6*q - q + 43. Suppose 5*d - 3*l = -5*l + 49, 0 = 4*d - 2*l - 32. What is the highest common divisor of w and d?
9
Let c be 0 - (-84 - 0/(-2)). Let y be 10*-3*4/(-120)*12. Calculate the highest common divisor of c and y.
12
Let w = -4 + 6. Suppose -3*y + w*h = 2*y - 11, -2*y - 5*h = 13. Let f be (-3)/6 - 30/(-4). What is the greatest common divisor of f and y?
1
Let o be ((-568)/(-12))/((-2)/(-3)). Suppose 0 = -4*c - 2*n + 70, -2 + o = 4*c + 3*n. What is the highest common divisor of c and 72?
18
Let k(y) = y**3 + y**2 - y + 75. Let c be k(0). Suppose -a + c = 4*a. Let s be (-4)/22 + (-501)/(-33). What is the highest common divisor of a and s?
15
Let y be (18/21)/(2/14). What is the highest common divisor of y and 66?
6
Suppose 7*w = 3*w + 520. What is the highest common factor of 26 and w?
26
Let l(b) = b**2 - b - 3. Let g be l(3). Suppose 0 = x - g*x. Suppose x = 2*u - 39 + 7. Calculate the highest common divisor of 8 and u.
8
Let z be ((-228)/(-36))/((-1)/(-3)). Suppose 92 + 98 = 5*x. Calculate the greatest common divisor of z and x.
19
Let j = 32 + -23. What is the greatest common divisor of j and 72?
9
Suppose 4 = x + 2*d - d, 2*d - 10 = -3*x. Let c be x/5 + (-272)/(-20). What is the greatest common factor of c and 154?
14
Suppose w = -0*w + 73. Let q = -1 + w. What is the highest common divisor of q and 18?
18
Suppose 0 = 10*t - 531 + 51. Calculate the greatest common divisor of 12 and t.
12
Suppose -2 = 2*i - 0. Let t be 52/1 - i - -1. Let m = 10 - 4. Calculate the greatest common factor of t and m.
6
Suppose -x - 18 = -2*x. Suppose 0 = 2*a - 5*c - 24, 2*c - 36 = -3*a - c. What is the highest common factor of a and x?
6
Let m(y) = -2 - 4 + 9*y + 0 + 0. Let k be m(4). What is the highest common divisor of k and 15?
15
Suppose -81 = -4*c - 5*x, 2*c = 2*x - 9 + 63. Suppose 3*q + 2*q - 60 = 0. What is the greatest common factor of q and c?
12
Let u = -62 + 161. Calculate the greatest common divisor of u and 33.
33
Let z be (-1*2)/6*-15. Suppose -5*o + 6*y = y + 15, -5*o + 4*y = 10. What is the greatest common divisor of o and z?
1
Let k be (0 - (-286)/8) + (-3)/(-12). Calculate the greatest common factor of 18 and k.
18
Let q = -289 - -123. Let w = -129 + q. Let u be w/(-9) - 4/(-18). Calculate the greatest common factor of 11 and u.
11
Let w be 21/84 - -5*(-22)/(-8). Suppose -49 + 154 = -3*y - 2*d, -2*y = 5*d + 59. Let k = -16 - y. Calculate the highest common factor of w and k.
7
Suppose -2*a + 5*g = -89 - 6, 3*a = 4*g + 160. Calculate the highest common divisor of 12 and a.
12
Suppose -104*z + 24 = -101*z. Calculate the greatest common factor of 12 and z.
4
Let b be 4/(-14) - (-564)/14. Let r be 3/6*30/3. What is the highest common factor of r and b?
5
Let h(r) = -5*r - 25. Let u be h(-12). Let t = -27 + u. What is the greatest common divisor of 72 and t?
8
Let v = -214 + 326. Let h = v + -72. What is the highest common factor of 5 and h?
5
Suppose 3*c + 5*f = -4, 2*c + 5*f + 10 = -1. Let a = 18 - 11. Calculate the highest common divisor of a and c.
7
Let u = 14 + -9. Suppose 0 = -g - 0*g + 3*k + 1, 3*k - 23 = -u*g. Calculate the highest common factor of g and 1.
1
Suppose -4*s + 8 + 4 = 0. Suppose -s*a = -n - n - 44, 0 = -5*a. Let j = n - -47. What is the greatest common factor of 10 and j?
5
Let d(h) be the second derivative of h**3/6 - h**2/2 + 3*h. Let g be d(7). What is the highest common factor of 4 and g?
2
Suppose 3*m = 12, -56 = -7*q + 3*q - 4*m. What is the greatest common divisor of 25 and q?
5
Let i = 19 + -13. Let u be i - (2 - -1) - -1. Calculate the greatest common factor of 2 and u.
2
Suppose 2*w - 2*v - 240 = 0, -v + 580 = 5*w + 4*v. Let d = w - 64. Calculate the highest common divisor of 9 and d.
9
Suppose -4*j + 4*k + 112 = 0, -k = -3*j + 50 + 26. Calculate the highest common divisor of 36 and j.
12
Let h(j) be the second derivative of j**4/12 - 5*j**3/6 - j**2/2 - j. Let a be h(-4). Suppose 3 = i - 2. Calculate the greatest common divisor of a and i.
5
Let x = -6 - -6. Let l be x/1 + (2 - -158). What is the greatest common divisor of 20 and l?
20
Let c be (3 + -2 - 0) + 30. Suppose 4*q + 86 = 1202. What is the greatest common divisor of c and q?
31
Suppose 0 = 3*i - 23 + 2. Let w = 16 - i. Calculate the greatest common factor of w and 36.
9
Let z = 177 - 72. Calculate the highest common divisor of z and 15.
15
Suppose z = -4*z + 75. Let w(s) = 166*s**2 + 2*s + 1. Suppose 0 = 5*x - v + 5, 4*v - 5 = 5*x + v. Let b be w(x). What is the highest common factor of b and z?
15
Let z = -7 + 7. Suppose z*u = 3*u - 288. Calculate the highest common factor of u and 12.
12
Let t(w) = w**3 + 5*w**2 + 5*w + 2. Let b be t(-3). Calculate the highest common factor of 45 and b.
5
Let i(h) = 2*h**3 + 3*h**2 - 2*h. Let f be i(2). Suppose 0 = -r + 2*r - 7. Let t(z) = z + 9. Let y be t(r). What is the greatest common factor of f and y?
8
Suppose 0*d - d + 10 = 0. Let u = -7 + d. Calculate the highest common factor of 3 and u.
3
Suppose -4*s = -6*s + 186. Suppose -2*t - 2*t - 62 = -2*n, -3*n = -t - s. What is the greatest common divisor of n and 124?
31
Let l = -57 + 81. What is the greatest common factor of 4 and l?
4
Let q(x) = 3*x**3 + 4*x**2 - 6*x - 2. Let i be q(-4). Let v = i + 170. What is the highest common divisor of 8 and v?
8
Let r(k) = -14*k + 1. Let z be r(-3). Suppose 3*a - 151 + 25 = 2*m, 0 = a - m - z. Calculate the greatest common divisor of 10 and a.
10
Suppose 0*x - 2*x = -4*s, 15 = -x - 3*s. Let h be (-14)/(-1) - (x + 4). What is the hi